{"id":70,"date":"2019-02-12T15:51:07","date_gmt":"2019-02-12T14:51:07","guid":{"rendered":"https:\/\/denkmalkunst-kunstdenkmal.de\/wp\/osterode\/?page_id=70"},"modified":"2019-07-07T16:01:19","modified_gmt":"2019-07-07T14:01:19","slug":"kunst","status":"publish","type":"page","link":"https:\/\/denkmalkunst-kunstdenkmal.de\/osterode\/kunst\/","title":{"rendered":"Kunst"},"content":{"rendered":"<div class=\"fusion-fullwidth fullwidth-box fusion-builder-row-1 nonhundred-percent-fullwidth non-hundred-percent-height-scrolling\" style=\"--awb-border-radius-top-left:0px;--awb-border-radius-top-right:0px;--awb-border-radius-bottom-right:0px;--awb-border-radius-bottom-left:0px;--awb-margin-top:50px;--awb-flex-wrap:wrap;\" ><div class=\"fusion-builder-row fusion-row\"><div class=\"fusion-layout-column fusion_builder_column fusion-builder-column-0 fusion_builder_column_1_1 1_1 fusion-one-full fusion-column-first fusion-column-last\" style=\"--awb-bg-size:cover;\"><div class=\"fusion-column-wrapper fusion-flex-column-wrapper-legacy\"><div class=\"fusion-title title fusion-title-1 fusion-title-text fusion-title-size-two\" style=\"--awb-margin-top-small:0px;--awb-margin-right-small:0px;--awb-margin-bottom-small:20px;--awb-margin-left-small:0px;\"><h2 class=\"fusion-title-heading title-heading-left fusion-responsive-typography-calculated\" style=\"margin:0;--fontSize:40;line-height:1.5;\">Alle K\u00fcnstler im \u00dcberblick<\/h2><span class=\"awb-title-spacer\"><\/span><div class=\"title-sep-container\"><div class=\"title-sep sep-single sep-solid\" style=\"border-color:#dddddd;\"><\/div><\/div><\/div><div class=\"fusion-text fusion-text-1\"><div class=\"page\" title=\"Page 25\">\n<div class=\"section\">\n<div class=\"layoutArea\">\n<div class=\"column\">\n<p>In der historischen Altstadt Osterodes stellen nationale und inter- nationale Ku\u0308nstlerinnen und Ku\u0308nstler aller Kunstsparten in ungewo\u0308hnlichen Ausstellungsfla\u0308chen ihre Kunstwerke aus. Es o\u0308ffnen sich Tu\u0308ren, Tore und Portale mittelalterlicher Fachwerkha\u0308u- ser, Wehrtu\u0308rme, Kirchen und Hinterho\u0308fe. Etwa 20 Denkma\u0308ler lu\u0308ften ihre Geheimnisse und werden von ausgewa\u0308hlten Kunstwerken und Darbietungen beseelt.<\/p>\n<\/div>\n<\/div>\n<\/div>\n<\/div>\n<p>In alphabetischer Reihenfolge k\u00f6nnen Sie sich hier einen \u00dcberblick \u00fcber alle beteiligten K\u00fcnstlerInnen verschaffen. Klicken Sie einfach auf das Vorschaubild oder den Namen und schon erhalten Sie alle Infos.<\/p>\n<p>Sie k\u00f6nnen dort weitere Bilder der K\u00fcnstlerInnen begutachten und erfahren, wo sich die entsprechende Ausstellung befindet.<\/p>\n<p>Au\u00dferdem bieten einige K\u00fcnstlerInnen Workshops an, an denen Sie meist gegen eine Geb\u00fchr auch ohne Ticket teilnehmen k\u00f6nnen; diese sind mit (+Workshop) gekennzeichnet.<\/p>\n<\/div><div class=\"fusion-sep-clear\"><\/div><div class=\"fusion-separator fusion-full-width-sep\" style=\"margin-left: auto;margin-right: auto;margin-top:10px;margin-bottom:40px;width:100%;\"><div class=\"fusion-separator-border sep-single sep-solid\" style=\"--awb-height:20px;--awb-amount:20px;border-color:#e0dede;border-top-width:1px;\"><\/div><\/div><div class=\"fusion-sep-clear\"><\/div>[loop type=post category=kunst]\n<div class=\"denkmalliste\" style=\"height:70px;background-color:#f2f2f2f2;\"><p style=\"float:left\";>[field thumbnail-link width=70 height=70]<\/p>\n<p style=\"margin-left:82px;padding-top:8px;font-size:18px;line-height:20px;font-weight:700;\">[field title-link]<br\/>\n<span style=\"font-size:14px;font-weight:400;\">[field excerpt words=8]<\/span><\/p>\n<\/div>\n<hr style=\"clear:both;border:0px solid #fff;\">\n[\/loop]<div class=\"fusion-text fusion-text-2\"><p style=\"text-align: center\"><em>Alle Angaben ohne Gew\u00e4hr. \u00c4nderungen vorbehalten.<\/em><\/p>\n<\/div><div class=\"fusion-clearfix\"><\/div><\/div><\/div><\/div><\/div>\n","protected":false},"excerpt":{"rendered":"","protected":false},"author":1,"featured_media":0,"parent":0,"menu_order":0,"comment_status":"closed","ping_status":"closed","template":"","meta":{"footnotes":""},"class_list":["post-70","page","type-page","status-publish","hentry"],"_links":{"self":[{"href":"https:\/\/denkmalkunst-kunstdenkmal.de\/osterode\/wp-json\/wp\/v2\/pages\/70","targetHints":{"allow":["GET"]}}],"collection":[{"href":"https:\/\/denkmalkunst-kunstdenkmal.de\/osterode\/wp-json\/wp\/v2\/pages"}],"about":[{"href":"https:\/\/denkmalkunst-kunstdenkmal.de\/osterode\/wp-json\/wp\/v2\/types\/page"}],"author":[{"embeddable":true,"href":"https:\/\/denkmalkunst-kunstdenkmal.de\/osterode\/wp-json\/wp\/v2\/users\/1"}],"replies":[{"embeddable":true,"href":"https:\/\/denkmalkunst-kunstdenkmal.de\/osterode\/wp-json\/wp\/v2\/comments?post=70"}],"version-history":[{"count":5,"href":"https:\/\/denkmalkunst-kunstdenkmal.de\/osterode\/wp-json\/wp\/v2\/pages\/70\/revisions"}],"predecessor-version":[{"id":1841,"href":"https:\/\/denkmalkunst-kunstdenkmal.de\/osterode\/wp-json\/wp\/v2\/pages\/70\/revisions\/1841"}],"wp:attachment":[{"href":"https:\/\/denkmalkunst-kunstdenkmal.de\/osterode\/wp-json\/wp\/v2\/media?parent=70"}],"curies":[{"name":"wp","href":"https:\/\/api.w.org\/{rel}","templated":true}]}}

<div class="fusion-fullwidth fullwidth-box fusion-builder-row-1 nonhundred-percent-fullwidth non-hundred-percent-height-scrolling" style="--awb-border-radius-top-left:0px;--awb-border-radius-top-right:0px;--awb-border-radius-bottom-right:0px;--awb-border-radius-bottom-left:0px;--awb-margin-top:50px;--awb-flex-wrap:wrap;" ><div class="fusion-builder-row fusion-row"><div class="fusion-layout-column fusion_builder_column fusion-builder-column-0 fusion_builder_column_1_1 1_1 fusion-one-full fusion-column-first fusion-column-last" style="--awb-bg-size:cover;"><div class="fusion-column-wrapper fusion-flex-column-wrapper-legacy"><div class="fusion-title title fusion-title-1 fusion-title-text fusion-title-size-two" style="--awb-margin-top-small:0px;--awb-margin-right-small:0px;--awb-margin-bottom-small:20px;--awb-margin-left-small:0px;"><h2 class="fusion-title-heading title-heading-left fusion-responsive-typography-calculated" style="margin:0;--fontSize:40;line-height:1.5;">Alle Künstler im Überblick</h2><span class="awb-title-spacer"></span><div class="title-sep-container"><div class="title-sep sep-single sep-solid" style="border-color:#dddddd;"></div></div></div><div class="fusion-text fusion-text-1"><div class="page" title="Page 25">
<div class="section">
<div class="layoutArea">
<div class="column">
<p>In der historischen Altstadt Osterodes stellen nationale und inter- nationale Künstlerinnen und Künstler aller Kunstsparten in ungewöhnlichen Ausstellungsflächen ihre Kunstwerke aus. Es öffnen sich Türen, Tore und Portale mittelalterlicher Fachwerkhäu- ser, Wehrtürme, Kirchen und Hinterhöfe. Etwa 20 Denkmäler lüften ihre Geheimnisse und werden von ausgewählten Kunstwerken und Darbietungen beseelt.</p>
</div>
</div>
</div>
</div>
<p>In alphabetischer Reihenfolge können Sie sich hier einen Überblick über alle beteiligten KünstlerInnen verschaffen. Klicken Sie einfach auf das Vorschaubild oder den Namen und schon erhalten Sie alle Infos.</p>
<p>Sie können dort weitere Bilder der KünstlerInnen begutachten und erfahren, wo sich die entsprechende Ausstellung befindet.</p>
<p>Außerdem bieten einige KünstlerInnen Workshops an, an denen Sie meist gegen eine Gebühr auch ohne Ticket teilnehmen können; diese sind mit (+Workshop) gekennzeichnet.</p>
</div><div class="fusion-sep-clear"></div><div class="fusion-separator fusion-full-width-sep" style="margin-left: auto;margin-right: auto;margin-top:10px;margin-bottom:40px;width:100%;"><div class="fusion-separator-border sep-single sep-solid" style="--awb-height:20px;--awb-amount:20px;border-color:#e0dede;border-top-width:1px;"></div></div><div class="fusion-sep-clear"></div>[loop type=post category=kunst]
<div class="denkmalliste" style="height:70px;background-color:#f2f2f2f2;"><p style="float:left";>[field thumbnail-link width=70 height=70]</p>
<p style="margin-left:82px;padding-top:8px;font-size:18px;line-height:20px;font-weight:700;">[field title-link]<br/>
<span style="font-size:14px;font-weight:400;">[field excerpt words=8]</span></p>
</div>
<hr style="clear:both;border:0px solid #fff;">
[/loop]<div class="fusion-text fusion-text-2"><p style="text-align: center"><em>Alle Angaben ohne Gewähr. Änderungen vorbehalten.</em></p>
</div><div class="fusion-clearfix"></div></div></div></div></div>
